 greatest common factor of 25 and 25?
25
Calculate the greatest common divisor of 3 and 11499.
3
What is the greatest common divisor of 15929 and 17?
17
Calculate the highest common divisor of 123 and 1558.
41
What is the greatest common divisor of 302 and 14?
2
What is the highest common divisor of 40 and 112?
8
What is the highest common factor of 13450 and 200?
50
Calculate the greatest common factor of 282 and 54.
6
Calculate the highest common factor of 24 and 402.
6
What is the highest common divisor of 14 and 2?
2
What is the highest common factor of 68 and 8?
4
What is the greatest common factor of 15 and 690?
15
What is the greatest common divisor of 35127 and 81?
27
What is the highest common divisor of 4 and 162?
2
What is the highest common divisor of 18 and 15?
3
What is the greatest common divisor of 9145 and 5?
5
What is the greatest common divisor of 630 and 7665?
105
What is the greatest common divisor of 5850 and 100?
50
Calculate the highest common factor of 56 and 6168.
8
What is the highest common divisor of 65 and 832?
13
Calculate the highest common divisor of 306 and 18.
18
What is the greatest common divisor of 18650 and 50?
50
What is the highest common factor of 138 and 24?
6
Calculate the greatest common factor of 606 and 25856.
202
Calculate the highest common divisor of 2241 and 3984.
249
What is the highest common divisor of 18 and 8?
2
What is the greatest common factor of 63 and 6?
3
What is the greatest common divisor of 16 and 62?
2
What is the highest common factor of 112 and 84?
28
What is the highest common divisor of 904 and 16?
8
Calculate the highest common factor of 164 and 4920.
164
What is the highest common factor of 204 and 544?
68
What is the highest common factor of 112651 and 133?
133
Calculate the highest common factor of 1536 and 96.
96
What is the highest common factor of 415 and 166?
83
Calculate the greatest common factor of 1695 and 15.
15
Calculate the greatest common divisor of 20 and 32.
4
Calculate the greatest common divisor of 12 and 768.
12
Calculate the greatest common divisor of 48 and 102.
6
Calculate the highest common factor of 56 and 8.
8
Calculate the greatest common divisor of 2816 and 66.
22
What is the highest common divisor of 54 and 12?
6
Calculate the greatest common factor of 56 and 2884.
28
What is the greatest common divisor of 30 and 4845?
15
What is the highest common factor of 65 and 2106?
13
What is the greatest common divisor of 1593 and 2065?
59
What is the highest common divisor of 225 and 25?
25
Calculate the greatest common divisor of 121 and 2277.
11
Calculate the highest common divisor of 72 and 1272.
24
What is the highest common factor of 15852 and 6?
6
Calculate the highest common factor of 520 and 10.
10
Calculate the highest common factor of 7 and 5.
1
What is the greatest common factor of 344 and 11438?
86
What is the highest common factor of 16733 and 58?
29
What is the highest common divisor of 345 and 75?
15
What is the highest common divisor of 154 and 88?
22
What is the highest common factor of 44 and 88?
44
Calculate the highest common factor of 2211 and 335.
67
What is the greatest common factor of 9053 and 33?
11
What is the highest common factor of 3024 and 540?
108
Calculate the greatest common factor of 2025 and 243.
81
Calculate the greatest common factor of 774 and 4128.
258
Calculate the greatest common factor of 1207 and 4402.
71
What is the highest common factor of 12 and 240?
12
Calculate the greatest common factor of 18 and 576.
18
Calculate the greatest common divisor of 1029 and 21.
21
What is the highest common factor of 124 and 28892?
124
Calculate the greatest common factor of 845 and 650.
65
What is the greatest common factor of 5219 and 17?
17
Calculate the greatest common divisor of 50 and 3825.
25
What is the greatest common factor of 41 and 451?
41
What is the greatest common factor of 78 and 1326?
78
What is the highest common factor of 21 and 42?
21
What is the greatest common divisor of 255 and 87?
3
Calculate the highest common factor of 56 and 672.
56
Calculate the highest common factor of 30 and 510.
30
What is the greatest common factor of 32 and 96?
32
Calculate the highest common divisor of 18 and 5100.
6
Calculate the greatest common factor of 364 and 1365.
91
What is the greatest common divisor of 40 and 265?
5
Calculate the highest common divisor of 9 and 333.
9
Calculate the greatest common divisor of 7 and 3.
1
Calculate the greatest common factor of 32 and 968.
8
What is the highest common factor of 21 and 567?
21
Calculate the greatest common factor of 12005 and 5.
5
What is the highest common factor of 9 and 63?
9
Calculate the highest common factor of 1629 and 9.
9
What is the highest common factor of 9785 and 285?
95
Calculate the greatest common divisor of 213 and 1065.
213
Calculate the highest common factor of 5598 and 72.
18
Calculate the highest common factor of 1133 and 309.
103
Calculate the highest common divisor of 96 and 30.
6
What is the highest common factor of 49 and 252?
7
What is the highest common factor of 528 and 60?
12
What is the greatest common factor of 12 and 4140?
12
Calculate the highest common divisor of 760 and 57.
19
Calculate the greatest common factor of 8 and 98.
2
What is the highest common divisor of 5699 and 82?
41
Calculate the highest common divisor of 980 and 4508.
196
Calculate the highest common divisor of 1092 and 780.
156
What is the highest common divisor of 6723 and 83?
83
Calculate the greatest common factor of 1 and 6091.
1
What is the highest common divisor of 245 and 230?
5
What is the highest common divisor of 11832 and 1020?
204
Calculate the greatest common factor of 846 and 162.
18
What is the greatest common divisor of 322 and 126?
14
Calculate the highest common factor of 2021 and 188.
47
Calculate the greatest common divisor of 3 and 687.
3
What is the greatest common divisor of 3612 and 42?
42
What is the greatest common factor of 45 and 3645?
45
Calculate the highest common factor of 2058 and 42.
42
Calculate the greatest common divisor of 1992 and 48.
24
What is the greatest common factor of 21 and 1407?
21
What is the highest common factor of 14 and 31570?
14
What is the greatest common factor of 42946 and 218?
218
Calculate the highest common factor of 1116 and 108.
36
What is the highest common factor of 2829 and 1107?
123
Calculate the greatest common factor of 2 and 74.
2
What is the highest common factor of 133 and 35?
7
What is the highest common factor of 561 and 663?
51
Calculate the greatest common factor of 6 and 212.
2
What is the greatest common factor of 20 and 29980?
20
Calculate the greatest common factor of 15134 and 92.
46
What is the greatest common factor of 143 and 26?
13
Calculate the highest common factor of 54 and 360.
18
Calculate the greatest common factor of 60 and 636.
12
What is the highest common divisor of 236 and 10502?
118
Calculate the highest common factor of 98 and 6566.
98
Calculate the highest common factor of 13 and 416.
13
What is the greatest common divisor of 8554 and 91?
91
What is the greatest common divisor of 6123 and 52?
13
Calculate the highest common divisor of 260 and 140.
20
Calculate the highest common factor of 3949 and 11.
11
What is the greatest common factor of 7502 and 62?
62
What is the highest common divisor of 198 and 110?
22
Calculate the highest common factor of 84 and 1236.
12
Calculate the highest common divisor of 4410 and 18.
18
Calculate the greatest common divisor of 525 and 5.
5
Calculate the highest common divisor of 214 and 34882.
214
Calculate the greatest common divisor of 882 and 12.
6
Calculate the greatest common divisor of 72 and 1368.
72
What is the highest common divisor of 368 and 874?
46
Calculate the greatest common factor of 91 and 18434.
13
Calculate the highest common divisor of 1691 and 267.
89
What is the highest common divisor of 264 and 330?
66
Calculate the greatest common factor of 20 and 19440.
20
Calculate the greatest common factor of 135 and 2520.
45
What is the highest common divisor of 3 and 81?
3
Calculate the highest common factor of 23 and 3.
1
Calculate the highest common factor of 46 and 142.
2
Calculate the greatest common factor of 21 and 87